 to base 2.
1001110100110101011
What is 18b98b (base 14) in base 12?
36379b
What is -257285 (base 9) in base 13?
-5616b
Convert -120122001022022 (base 3) to base 13.
-194b1ba
Convert 1966269 (base 12) to base 9.
11070350
b49201 (base 12) to base 9
5302151
Convert -20001210 (base 5) to base 3.
-21221120201
What is 15b5330 (base 13) in base 4?
122233023100
-8934567 (base 10) to base 12
-2baa573
-30323021 (base 4) to base 15
-10a42
Convert 2046232 (base 7) to base 2.
111100010100101001
Convert 250899 (base 15) to base 11.
1001773
Convert 45eb51 (base 15) to base 4.
30233202022
Convert 74a4a39 (base 11) to base 6.
1150514221
33c9a5 (base 15) to base 14
4851a0
-1a7a72 (base 14) to base 5
-220141002
Convert 4442324 (base 5) to base 8.
230017
What is -2238725 (base 12) in base 11?
-37716a7
What is 435728 (base 9) in base 5?
31310432
Convert 3a7123 (base 11) to base 14.
128c4a
Convert 11122000020001 (base 3) to base 14.
4809aa
-4004150 (base 6) to base 8
-556242
What is 110210222112 (base 3) in base 8?
754475
What is -32676 (base 8) in base 6?
-143410
Convert 3b60a (base 16) to base 2.
111011011000001010
What is -4015434 (base 6) in base 3?
-100121111011
Convert b0a12 (base 13) to base 5.
40102001
What is -14c383 (base 14) in base 2?
-10110001000001111111
What is 112210010011102 (base 3) in base 16?
77decf
-2112220121021 (base 3) to base 8
-5131133
Convert -4e83cb (base 15) to base 9.
-7082102
Convert 22b3725 (base 12) to base 6.
355404445
What is -102021400 (base 6) in base 5?
-423312010
Convert -100200001200 (base 3) to base 6.
-4025030
Convert -14a2177 (base 11) to base 7.
-30542154
21012210 (base 4) to base 15
b0a9
What is 4828a (base 12) in base 15?
1dbc7
What is -2031624 (base 7) in base 6?
-5113420
-1334541 (base 6) to base 15
-17311
Convert -1537176 (base 9) to base 5.
-204222442
What is 10055057 (base 8) in base 14?
3d2979
What is -12742356 (base 8) in base 9?
-5351710
What is 2554580 (base 9) in base 11?
872639
What is 12344634 (base 8) in base 5?
1200113323
What is -d0472 (base 15) in base 11?
-410241
Convert -c38f3 (base 16) to base 8.
-3034363
What is 2214105 (base 6) in base 2?
11011000111011001
Convert 11200012211 (base 3) to base 2.
10110011101101011
Convert -34b5a2 (base 16) to base 5.
-1341014440
Convert 353213 (base 6) to base 8.
73511
What is -275640 (base 9) in base 8?
-510400
What is 12320053 (base 6) in base 14?
a56a5
What is -1414b (base 16) in base 5?
-10113001
2331089 (base 10) to base 14
449745
-132630 (base 11) to base 4
-302320023
Convert -e5d6e4 (base 15) to base 4.
-221230122112
319664 (base 11) to base 5
112314234
What is 158236 (base 9) in base 13?
35724
What is -34070 (base 12) in base 8?
-207124
3212100 (base 6) to base 13
5678a
Convert -b1e9a (base 16) to base 15.
-e5dc0
What is ba6b (base 13) in base 2?
110010101011010
What is 41856 (base 12) in base 2?
10100111110000010
-2144123 (base 8) to base 5
-121404241
-13205444 (base 6) to base 8
-1524744
What is -21413433 (base 5) in base 4?
-231102111
Convert -8894471 (base 10) to base 14.
-12775d5
153140504 (base 6) to base 9
6066024
What is 635783 (base 11) in base 13?
298380
-133221201323 (base 4) to base 12
-294130b
Convert -1203a24 (base 11) to base 6.
-112553032
What is -534400111 (base 6) in base 8?
-44044053
365304 (base 7) to base 11
46120
1ca0c (base 14) to base 9
121512
28aa6 (base 11) to base 9
62530
Convert -2101013221 (base 4) to base 9.
-1105334
What is -111001111000000000 (base 2) in base 3?
-110001011212
What is -3c6078 (base 15) in base 5?
-1220442423
100012121 (base 4) to base 9
110412
31222 (base 4) to base 2
1101101010
Convert 8539b (base 15) to base 3.
210110211102
Convert b40a91 (base 12) to base 4.
22300320031
What is -211022202012212 (base 3) in base 7?
-202561433
-3122415 (base 6) to base 16
-24d8b
Convert -14220000 (base 5) to base 2.
-100100001010011101
-113213230 (base 4) to base 14
-27388
Convert cb2c (base 14) to base 6.
430340
Convert -229d0 (base 16) to base 10.
-141776
aaa0 (base 15) to base 9
54526
Convert -24913 (base 13) to base 3.
-10102112001
What is -1044322433 (base 5) in base 3?
-11101211200000
Convert -24012 (base 11) to base 10.
-34619
What is 359837 (base 10) in base 6?
11413525
15a3d (base 15) to base 7
410344
Convert 212212211 (base 3) to base 13.
7c03
What is -239cba (base 13) in base 16?
-cf92f
What is -545d12 (base 16) in base 15?
-7432a0
-1635857 (base 10) to base 16
-18f611
What is -31413521 (base 6) in base 4?
-3200202121
7933b (base 15) to base 14
a06a5
Convert -1285 (base 11) to base 8.
-3202
1129c (base 14) to base 3
2010012002
What is 10200000122101 (base 3) in base 15?
287791
Convert -105023412 (base 7) to base 9.
-12862016
What is -175514 (base 9) in base 3?
-12112120111
3421340 (base 6) to base 15
3685c
-231311223 (base 5) to base 8
-3762036
2535784 (base 9) to base 16
1516d2
What is -10100011001001011011110 (base 2) in base 8?
-24311336
6d88db (base 16) to base 2
11011011000100011011011
-21bb02 (base 13) to base 4
-3002213313
Convert 112202614 (base 7) to base 6.
402555051
Convert -30213213210 (base 4) to base 2.
-1100100111100111100100
-5160 (base 16) to base 10
-20832
Convert 4294868 (base 10) to base 15.
59c848
What is 218074 (base 9) in base 2?
11111110111111110
-7a0d0 (base 15) to base 7
-3205062
-69877a (base 12) to base 10
-1694542
-43783 (base 9) to base 2
-111000110010001
Convert 21252646 (base 7) to base 16.
1ba3a8
1000101121110 (base 3) to base 16
83a27
Convert -1109794 (base 10) to base 12.
-4562aa
What is -2469c (base 15) in base 8?
-343027
Convert -57b378 (base 12) to base 13.
-3a4348
Convert -1a766 (base 14) to base 10.
-67318
Convert 266646 (base 12) to base 16.
9aa16
Convert -323323330 (base 4) to base 5.
-30324000
What is -424712 (base 8) in base 5?
-14014040
Convert 4a9433 (base 12) to base 10.
1218855
-78424 (base 13) to base 3
-102002022211
113010301313 (base 4) to base 5
3022031022
-613761 (base 9) to base 5
-43114124
67825 (base 14) to base 6
5215241
What is 3624140 (base 7) in base 5?
104210130
2020022102111 (base 3) to base 2
100100001110100110010
What is -11204424 (base 5) in base 6?
-2053450
Convert 10001011000100001001 (base 2) to base 9.
1057318
What is 16483 (base 9) in base 16?
2c46
Convert 201344322 (base 5) to base 16.
c5979
194726 (base 11) to base 14
7ad87
1407172 (base 9) to base 16
bcb16
Convert -111001012220 (base 4) to base 7.
-64554545
26a0668 (base 11) to base 4
101300313332
2a818 (base 14) to base 6
2134034
649b9 (base 16) to base 11
261677
-c5c15 (base 14) to base 9
-806382
-1251436 (base 9) to base 8
-2466646
Convert -15486a (base 11) to base 2.
-111010101111110000
Convert -30b703b (base 12) to base 9.
-18268482
-5730480 (base 9) to base 16
-2f28c3
Convert -10011110100111110111000 (base 2) to base 13.
-10ccac1
2951c (base 13) to base 15
18095
Convert -db0c (base 14) to base 11.
-26480
Convert 23200200200 (base 4) to base 3.
12200021011222
What is -323572a (base 12) in base 6?
-540112454
Convert -8713083 (base 10) to base 5.
-4212304313
Convert -110010110111100011100 (base 2) to base 7.
-20111414
Convert 330510 (base 6) to base 3.
1101120220
-140448 (base 9) to base 11
-593a4
Convert -10111101010001101 (base 2) to base 5.
-11100114
89a46 (base 16) to base 2
10001001101001000110
What is -4388b2 (base 12) in base 4?
-10011320012
Convert -3c88a (base 14) to base 3.
-21121120121
Convert 1433523 (base 10) to base 16.
15dfb3
-110034103 (base 5) to base 8
-1630161
2c0b47 (base 14) to base 2
101110111101100101011
3240022 (base 6) to base 15
32948
What is -108a1 (base 13) in base 16?
-755c
What is -120120110220 (base 3) in base 5?
-34302103
Convert cdc25 (base 14) to base 8.
1716551
89881 (base 10) to base 12
44021
What is 113120113210 (base 4) in base 15?
811084
1221220021 (base 4) to base 9
728431
Convert 3042114444 (base 5) to base 11.
355a871
Convert -21b39 (base 14) to base 2.
-10011111101110111
Convert -110545551 (base 6) to base 8.
-7513653
Convert 9264d (base 14) to base 2.
1010110000011011101
Convert 1355432 (base 7) to base 2.
101100011011111001
47056 (base 11) to base 6
1242314
1963590 (base 12) to base 15
70be00
Convert 1010100100110000000 (base 2) to base 3.
122121022012
Convert -a0664 (base 12) to base 14.
-55ca8
-5758 (base 15) to base 3
-221102102
What is 30